{"id":8921,"date":"2026-02-19T09:51:08","date_gmt":"2026-02-19T08:51:08","guid":{"rendered":"https:\/\/floodlight-musicals.de\/?page_id=8921"},"modified":"2026-02-20T09:19:11","modified_gmt":"2026-02-20T08:19:11","slug":"im-schatten-des-doms-tickets","status":"publish","type":"page","link":"https:\/\/floodlight-musicals.de\/en\/galakonzert-2026\/im-schatten-des-doms-tickets\/","title":{"rendered":"Im Schatten des Doms &#8211; Tickets"},"content":{"rendered":"<hr class=\"wp-block-separator has-text-color has-custom-magnolia-color has-alpha-channel-opacity has-custom-magnolia-background-color has-background is-style-dots\"\/>\n\n\n\n<div class=\"wp-block-group alignfull has-base-color has-contrast-background-color has-text-color has-background has-link-color wp-elements-5132b882ef61559a4c4595edd64d3265 has-global-padding is-layout-constrained wp-container-core-group-is-layout-3aaaaffa wp-block-group-is-layout-constrained\" style=\"border-style:none;border-width:0px;border-radius:0px;margin-top:0;margin-bottom:0;padding-top:var(--wp--preset--spacing--50);padding-right:var(--wp--preset--spacing--50);padding-bottom:var(--wp--preset--spacing--50);padding-left:var(--wp--preset--spacing--50)\">\n<h2 class=\"wp-block-heading alignwide has-base-color has-text-color has-link-color wp-elements-5333d6321e813a7596013bd19156c132\" id=\"faqs\" style=\"font-size:clamp(4.509rem, 4.509rem + ((1vw - 0.2rem) * 9.152), 10rem);letter-spacing:-0.02em\">FAQs <\/h2>\n\n\n\n<div class=\"wp-block-group alignwide is-layout-flow wp-block-group-is-layout-flow\">\n<hr class=\"wp-block-separator has-text-color has-base-color has-alpha-channel-opacity has-base-background-color has-background is-style-wide\"\/>\n\n\n\n<details class=\"wp-block-details is-style-arrow-icon-details has-medium-font-size is-layout-flow wp-block-details-is-layout-flow\" style=\"border-top-style:none;border-top-width:0px;border-right-style:none;border-right-width:0px;border-bottom-color:var(--wp--preset--color--base);border-bottom-style:solid;border-bottom-width:1px;border-left-style:none;border-left-width:0px;margin-top:0\"><summary>Wie kann ich ein bedrucktes Ticket kaufen?<\/summary>\n<p class=\"has-medium-font-size\">Bedruckte Tickets k\u00f6nnen als Offline-Tickets bei <a href=\"https:\/\/www.google.com\/maps\/place\/UniCopy+Templergraben\/@50.7764855,6.0743761,622m\/data=!3m2!1e3!4b1!4m6!3m5!1s0x47c0997937232b1b:0x371a4f13e28ac1d4!8m2!3d50.7764821!4d6.076951!16s%2Fg%2F1tfvs2cb?entry=ttu&amp;g_ep=EgoyMDI2MDIxNi4wIKXMDSoASAFQAw%3D%3D\" target=\"_blank\" rel=\"noopener noreferrer nofollow\">UniCopy am Templergraben<\/a> oder \u00fcber ein Mitglied von Floodlight-Musicals e. V. erworben werden.<\/p>\n<\/details>\n\n\n\n<details class=\"wp-block-details is-style-arrow-icon-details has-medium-font-size is-layout-flow wp-block-details-is-layout-flow\" style=\"border-top-style:none;border-top-width:0px;border-right-style:none;border-right-width:0px;border-bottom-color:var(--wp--preset--color--base);border-bottom-style:solid;border-bottom-width:1px;border-left-style:none;border-left-width:0px;margin-top:0\"><summary>Welche Kategorien gibt es und wie sieht der Saalplan aus?<\/summary>\n<p>Es stehen zwei Sitzplatzkategorien zur Verf\u00fcgung, aus denen Sie Tickets erwerben k\u00f6nnen. Der Saalplan ist entsprechend nach Kategorien unterteilt, wie in folgendem Diagram zu sehen ist:<\/p>\n\n\n\n<figure class=\"wp-block-image size-large is-resized\"><img loading=\"lazy\" decoding=\"async\" width=\"658\" height=\"1024\" src=\"https:\/\/floodlight-musicals.de\/wp-content\/uploads\/2026\/02\/Kategorie-1-658x1024.jpg\" alt=\"\" class=\"wp-image-8814\" style=\"aspect-ratio:0.6425808575425891;width:322px;height:auto\" srcset=\"https:\/\/floodlight-musicals.de\/wp-content\/uploads\/2026\/02\/Kategorie-1-658x1024.jpg 658w, https:\/\/floodlight-musicals.de\/wp-content\/uploads\/2026\/02\/Kategorie-1-193x300.jpg 193w, https:\/\/floodlight-musicals.de\/wp-content\/uploads\/2026\/02\/Kategorie-1-768x1195.jpg 768w, https:\/\/floodlight-musicals.de\/wp-content\/uploads\/2026\/02\/Kategorie-1-987x1536.jpg 987w, https:\/\/floodlight-musicals.de\/wp-content\/uploads\/2026\/02\/Kategorie-1-8x12.jpg 8w, https:\/\/floodlight-musicals.de\/wp-content\/uploads\/2026\/02\/Kategorie-1-600x934.jpg 600w, https:\/\/floodlight-musicals.de\/wp-content\/uploads\/2026\/02\/Kategorie-1.jpg 1063w\" sizes=\"auto, (max-width: 658px) 100vw, 658px\" \/><\/figure>\n<\/details>\n\n\n\n<details class=\"wp-block-details is-style-arrow-icon-details has-medium-font-size is-layout-flow wp-block-details-is-layout-flow\" style=\"border-top-style:none;border-top-width:0px;border-right-style:none;border-right-width:0px;border-bottom-color:var(--wp--preset--color--base);border-bottom-style:solid;border-bottom-width:1px;border-left-style:none;border-left-width:0px;margin-top:0\"><summary>Wo findet das Gala-Konzert statt?<\/summary>\n<p>Das Gala-Konzert findet in der Aula 1 des Hauptgeb\u00e4udes der RWTH (Templergraben 55, 52062 Aachen) statt. <\/p>\n<\/details>\n\n\n\n<details class=\"wp-block-details is-style-arrow-icon-details has-medium-font-size is-layout-flow wp-block-details-is-layout-flow\" style=\"border-top-style:none;border-top-width:0px;border-right-style:none;border-right-width:0px;border-bottom-color:var(--wp--preset--color--base);border-bottom-style:solid;border-bottom-width:1px;border-left-style:none;border-left-width:0px;margin-top:0\"><summary>Gibt es Parkpl\u00e4tze vor Ort?<\/summary>\n<p>Nein, das Hauptgeb\u00e4ude liegt mitten in der Innenstadt und hat keine direkten Parkpl\u00e4tze f\u00fcr Besucher*innen. Das n\u00e4chstgelegene Parkhaus ist das  &#8222;CONTIPARK Parkhaus Grossk\u00f6lnstra\u00dfe&#8220; am Seilgraben 45, 52062 Aachen (600 m entfernt).<br><br>Mit den \u00f6ffentlichen Verkehrsmitteln ist das Hauptgeb\u00e4ude jedoch sehr gut erreichbar.<\/p>\n<\/details>\n\n\n\n<details class=\"wp-block-details is-style-arrow-icon-details has-medium-font-size is-layout-flow wp-block-details-is-layout-flow\" style=\"border-top-style:none;border-top-width:0px;border-right-style:none;border-right-width:0px;border-bottom-color:var(--wp--preset--color--base);border-bottom-style:solid;border-bottom-width:1px;border-left-style:none;border-left-width:0px;margin-top:0\"><summary>Wie lange ist das Konzert?<\/summary>\n<p>Unser Konzert hat eine Gesamtdauer von etwa 2,5 Stunden. Nach den ersten anderthalb Stunden wird eine 20-min\u00fctige Pause eingelegt.<\/p>\n<\/details>\n\n\n\n<details class=\"wp-block-details is-style-arrow-icon-details has-medium-font-size is-layout-flow wp-block-details-is-layout-flow\" style=\"border-top-style:none;border-top-width:0px;border-right-style:none;border-right-width:0px;border-bottom-color:var(--wp--preset--color--base);border-bottom-style:solid;border-bottom-width:1px;border-left-style:none;border-left-width:0px;margin-top:0\"><summary>Welche potenziellen Inhaltswarnungen k\u00f6nnte &#8222;Im Schatten des Doms&#8220; ber\u00fchren?<\/summary>\n<p class=\"has-medium-font-size\">Uns sind\u00a0<strong>keine konkreten Inhaltswarnungen<\/strong>\u00a0zu\u00a0<em>Im Schatten des Doms<\/em>\u00a0bekannt. Dennoch ist die Wahrnehmung m\u00f6glicher sensibler Inhalte immer\u00a0<strong>individuell unterschiedlich<\/strong>. Was f\u00fcr manche Besucher:innen unproblematisch ist, kann bei anderen emotional st\u00e4rker wirken.\u00a0<\/p>\n<\/details>\n\n\n\n<details class=\"wp-block-details is-style-arrow-icon-details has-medium-font-size is-layout-flow wp-block-details-is-layout-flow\" style=\"border-top-style:none;border-top-width:0px;border-right-style:none;border-right-width:0px;border-bottom-color:var(--wp--preset--color--base);border-bottom-style:solid;border-bottom-width:1px;border-left-style:none;border-left-width:0px;margin-top:0\"><summary>F\u00fcr welche Altersklassen ist das Konzert?<\/summary>\n<p>Das Musical ist f\u00fcr alle Altersklassen geeignet!<\/p>\n<\/details>\n\n\n\n<details class=\"wp-block-details is-style-arrow-icon-details has-medium-font-size is-layout-flow wp-block-details-is-layout-flow\" style=\"border-top-style:none;border-top-width:0px;border-right-style:none;border-right-width:0px;border-bottom-color:var(--wp--preset--color--base);border-bottom-style:solid;border-bottom-width:1px;border-left-style:none;border-left-width:0px;margin-top:0\"><summary>Kann ich mein Ticket \u00fcber den Kulturpass bezahlen?<\/summary>\n<p>Nein, eine Kooperation \u00fcber den Kulturpass bieten wir nicht an. <\/p>\n<\/details>\n\n\n\n<details class=\"wp-block-details is-style-arrow-icon-details has-medium-font-size is-layout-flow wp-block-details-is-layout-flow\" style=\"border-top-style:none;border-top-width:0px;border-right-style:none;border-right-width:0px;border-bottom-color:var(--wp--preset--color--base);border-bottom-style:solid;border-bottom-width:1px;border-left-style:none;border-left-width:0px;margin-top:0\"><summary>Wer bekommt eine Erm\u00e4\u00dfigung?<\/summary>\n<p>Erm\u00e4\u00dfigte Tickets sind f\u00fcr folgende Personengruppen erh\u00e4ltlich:<\/p>\n\n\n\n<ul class=\"wp-block-list\">\n<li>Sch\u00fcler:innen<\/li>\n\n\n\n<li>Studierende<\/li>\n\n\n\n<li>Auszubildende<\/li>\n\n\n\n<li>Inhaber:innen des AachenPasses<\/li>\n\n\n\n<li>Schwerbehinderte<\/li>\n\n\n\n<li>Begleitperson Schwerbehinderte<\/li>\n\n\n\n<li>Inhaber:innen des Ehrenamtspasses<\/li>\n<\/ul>\n<\/details>\n\n\n\n<details class=\"wp-block-details is-style-arrow-icon-details has-medium-font-size is-layout-flow wp-block-details-is-layout-flow\" style=\"border-top-style:none;border-top-width:0px;border-right-style:none;border-right-width:0px;border-bottom-color:var(--wp--preset--color--base);border-bottom-style:solid;border-bottom-width:1px;border-left-style:none;border-left-width:0px;margin-top:0\"><summary>Gibt es Pl\u00e4tze f\u00fcr mobilit\u00e4tseingeschr\u00e4nkte Personen?<\/summary>\n<p>Ja, das Hauptgeb\u00e4ude ist barrierefrei zug\u00e4nglich, und bei jeder Auff\u00fchrung stehen Pl\u00e4tze f\u00fcr mobilit\u00e4tseingeschr\u00e4nkte Personen zur Verf\u00fcgung. Wir w\u00fcrden uns freuen wenn Sie, bei Bedarf, sich bei <a href=\"mailto:tickets@floodlight-musicals.de\">tickets@floodlight-musicals.de<\/a> melden vor oder nach der Bestellung, wenn Sie ein solchen Sitzplatz in Anspruch nehmen wollen. Diese Information hilft uns sehr bei dem Aufbau.<\/p>\n<\/details>\n\n\n\n<details class=\"wp-block-details is-style-arrow-icon-details has-medium-font-size is-layout-flow wp-block-details-is-layout-flow\" style=\"border-top-style:none;border-top-width:0px;border-right-style:none;border-right-width:0px;border-bottom-color:var(--wp--preset--color--base);border-bottom-style:solid;border-bottom-width:1px;border-left-style:none;border-left-width:0px;margin-top:0\"><summary>Kann ich meine gekauften Tickets umtauschen oder stornieren?<\/summary>\n<p>Bedauerlicherweise ist ein Umtausch oder eine Stornierung der erworbenen Tickets nicht m\u00f6glich. Da die Tickets jedoch nicht personalisiert sind, eignen sie sich hervorragend als Geschenk f\u00fcr Freunde und Familie. Sollten Sie selbst nicht in der Lage sein, Ihre Tickets f\u00fcr die Auff\u00fchrung zu nutzen, finden Sie sicherlich andere Musikbegeisterte, die sich \u00fcber die Gelegenheit freuen w\u00fcrden.<\/p>\n<\/details>\n\n\n\n<details class=\"wp-block-details is-style-arrow-icon-details has-medium-font-size is-layout-flow wp-block-details-is-layout-flow\" style=\"border-top-style:none;border-top-width:0px;border-right-style:none;border-right-width:0px;border-bottom-color:var(--wp--preset--color--base);border-bottom-style:solid;border-bottom-width:1px;border-left-style:none;border-left-width:0px;margin-top:0\"><summary>Werden feste Pl\u00e4tze zugewiesen?<\/summary>\n<p>Nein, es sind keine festen Pl\u00e4tze verf\u00fcgbar. Stattdessen werden bei der Auff\u00fchrung spezifische Reihen f\u00fcr die jeweiligen Sitzplatzkategorien zugewiesen. Wir behalten uns vor, die Sitzpl\u00e4tze ggf. am Veranstaltungstag innerhalb der entsprechenden Kategorie zuzuweisen.<\/p>\n<\/details>\n\n\n\n<details class=\"wp-block-details is-style-arrow-icon-details has-medium-font-size is-layout-flow wp-block-details-is-layout-flow\" style=\"border-top-style:none;border-top-width:0px;border-right-style:none;border-right-width:0px;border-bottom-color:var(--wp--preset--color--base);border-bottom-style:solid;border-bottom-width:1px;border-left-style:none;border-left-width:0px;margin-top:0\"><summary>An wen kann ich mich bei weiteren Fragen wenden?<\/summary>\n<p>Alle weiteren Fragen k\u00f6nnen gerne per E-Mail an <a href=\"mailto:tickets@floodlight-musicals.de\">tickets@floodlight-musicals.de<\/a> geschickt werden. Wir bem\u00fchen uns zeitnah Ihnen Auskunft zu geben.<\/p>\n<\/details>\n<\/div>\n<\/div>\n\n\n\n<div style=\"height:76px\" aria-hidden=\"true\" class=\"wp-block-spacer\"><\/div>","protected":false},"excerpt":{"rendered":"<p>FAQs<\/p>","protected":false},"author":17,"featured_media":0,"parent":8716,"menu_order":27,"comment_status":"closed","ping_status":"closed","template":"","meta":{"_eb_attr":"","footnotes":""},"class_list":["post-8921","page","type-page","status-publish","hentry"],"_links":{"self":[{"href":"https:\/\/floodlight-musicals.de\/en\/wp-json\/wp\/v2\/pages\/8921","targetHints":{"allow":["GET"]}}],"collection":[{"href":"https:\/\/floodlight-musicals.de\/en\/wp-json\/wp\/v2\/pages"}],"about":[{"href":"https:\/\/floodlight-musicals.de\/en\/wp-json\/wp\/v2\/types\/page"}],"author":[{"embeddable":true,"href":"https:\/\/floodlight-musicals.de\/en\/wp-json\/wp\/v2\/users\/17"}],"replies":[{"embeddable":true,"href":"https:\/\/floodlight-musicals.de\/en\/wp-json\/wp\/v2\/comments?post=8921"}],"version-history":[{"count":4,"href":"https:\/\/floodlight-musicals.de\/en\/wp-json\/wp\/v2\/pages\/8921\/revisions"}],"predecessor-version":[{"id":8931,"href":"https:\/\/floodlight-musicals.de\/en\/wp-json\/wp\/v2\/pages\/8921\/revisions\/8931"}],"up":[{"embeddable":true,"href":"https:\/\/floodlight-musicals.de\/en\/wp-json\/wp\/v2\/pages\/8716"}],"wp:attachment":[{"href":"https:\/\/floodlight-musicals.de\/en\/wp-json\/wp\/v2\/media?parent=8921"}],"curies":[{"name":"wp","href":"https:\/\/api.w.org\/{rel}","templated":true}]}}

<hr class="wp-block-separator has-text-color has-custom-magnolia-color has-alpha-channel-opacity has-custom-magnolia-background-color has-background is-style-dots"/>



<div class="wp-block-group alignfull has-base-color has-contrast-background-color has-text-color has-background has-link-color wp-elements-5132b882ef61559a4c4595edd64d3265 has-global-padding is-layout-constrained wp-container-core-group-is-layout-3aaaaffa wp-block-group-is-layout-constrained" style="border-style:none;border-width:0px;border-radius:0px;margin-top:0;margin-bottom:0;padding-top:var(--wp--preset--spacing--50);padding-right:var(--wp--preset--spacing--50);padding-bottom:var(--wp--preset--spacing--50);padding-left:var(--wp--preset--spacing--50)">
<h2 class="wp-block-heading alignwide has-base-color has-text-color has-link-color wp-elements-5333d6321e813a7596013bd19156c132" id="faqs" style="font-size:clamp(4.509rem, 4.509rem + ((1vw - 0.2rem) * 9.152), 10rem);letter-spacing:-0.02em">FAQs </h2>



<div class="wp-block-group alignwide is-layout-flow wp-block-group-is-layout-flow">
<hr class="wp-block-separator has-text-color has-base-color has-alpha-channel-opacity has-base-background-color has-background is-style-wide"/>



<details class="wp-block-details is-style-arrow-icon-details has-medium-font-size is-layout-flow wp-block-details-is-layout-flow" style="border-top-style:none;border-top-width:0px;border-right-style:none;border-right-width:0px;border-bottom-color:var(--wp--preset--color--base);border-bottom-style:solid;border-bottom-width:1px;border-left-style:none;border-left-width:0px;margin-top:0"><summary>Wie kann ich ein bedrucktes Ticket kaufen?</summary>
<p class="has-medium-font-size">Bedruckte Tickets können als Offline-Tickets bei <a href="https://www.google.com/maps/place/UniCopy+Templergraben/@50.7764855,6.0743761,622m/data=!3m2!1e3!4b1!4m6!3m5!1s0x47c0997937232b1b:0x371a4f13e28ac1d4!8m2!3d50.7764821!4d6.076951!16s%2Fg%2F1tfvs2cb?entry=ttu&amp;g_ep=EgoyMDI2MDIxNi4wIKXMDSoASAFQAw%3D%3D" target="_blank" rel="noopener noreferrer nofollow">UniCopy am Templergraben</a> oder über ein Mitglied von Floodlight-Musicals e. V. erworben werden.</p>
</details>



<details class="wp-block-details is-style-arrow-icon-details has-medium-font-size is-layout-flow wp-block-details-is-layout-flow" style="border-top-style:none;border-top-width:0px;border-right-style:none;border-right-width:0px;border-bottom-color:var(--wp--preset--color--base);border-bottom-style:solid;border-bottom-width:1px;border-left-style:none;border-left-width:0px;margin-top:0"><summary>Welche Kategorien gibt es und wie sieht der Saalplan aus?</summary>
<p>Es stehen zwei Sitzplatzkategorien zur Verfügung, aus denen Sie Tickets erwerben können. Der Saalplan ist entsprechend nach Kategorien unterteilt, wie in folgendem Diagram zu sehen ist:</p>



<figure class="wp-block-image size-large is-resized"><img loading="lazy" decoding="async" width="658" height="1024" src="https://floodlight-musicals.de/wp-content/uploads/2026/02/Kategorie-1-658x1024.jpg" alt="" class="wp-image-8814" style="aspect-ratio:0.6425808575425891;width:322px;height:auto" srcset="https://floodlight-musicals.de/wp-content/uploads/2026/02/Kategorie-1-658x1024.jpg 658w, https://floodlight-musicals.de/wp-content/uploads/2026/02/Kategorie-1-193x300.jpg 193w, https://floodlight-musicals.de/wp-content/uploads/2026/02/Kategorie-1-768x1195.jpg 768w, https://floodlight-musicals.de/wp-content/uploads/2026/02/Kategorie-1-987x1536.jpg 987w, https://floodlight-musicals.de/wp-content/uploads/2026/02/Kategorie-1-8x12.jpg 8w, https://floodlight-musicals.de/wp-content/uploads/2026/02/Kategorie-1-600x934.jpg 600w, https://floodlight-musicals.de/wp-content/uploads/2026/02/Kategorie-1.jpg 1063w" sizes="auto, (max-width: 658px) 100vw, 658px" /></figure>
</details>



<details class="wp-block-details is-style-arrow-icon-details has-medium-font-size is-layout-flow wp-block-details-is-layout-flow" style="border-top-style:none;border-top-width:0px;border-right-style:none;border-right-width:0px;border-bottom-color:var(--wp--preset--color--base);border-bottom-style:solid;border-bottom-width:1px;border-left-style:none;border-left-width:0px;margin-top:0"><summary>Wo findet das Gala-Konzert statt?</summary>
<p>Das Gala-Konzert findet in der Aula 1 des Hauptgebäudes der RWTH (Templergraben 55, 52062 Aachen) statt. </p>
</details>



<details class="wp-block-details is-style-arrow-icon-details has-medium-font-size is-layout-flow wp-block-details-is-layout-flow" style="border-top-style:none;border-top-width:0px;border-right-style:none;border-right-width:0px;border-bottom-color:var(--wp--preset--color--base);border-bottom-style:solid;border-bottom-width:1px;border-left-style:none;border-left-width:0px;margin-top:0"><summary>Gibt es Parkplätze vor Ort?</summary>
<p>Nein, das Hauptgebäude liegt mitten in der Innenstadt und hat keine direkten Parkplätze für Besucher*innen. Das nächstgelegene Parkhaus ist das  &#8222;CONTIPARK Parkhaus Grosskölnstraße&#8220; am Seilgraben 45, 52062 Aachen (600 m entfernt).<br><br>Mit den öffentlichen Verkehrsmitteln ist das Hauptgebäude jedoch sehr gut erreichbar.</p>
</details>



<details class="wp-block-details is-style-arrow-icon-details has-medium-font-size is-layout-flow wp-block-details-is-layout-flow" style="border-top-style:none;border-top-width:0px;border-right-style:none;border-right-width:0px;border-bottom-color:var(--wp--preset--color--base);border-bottom-style:solid;border-bottom-width:1px;border-left-style:none;border-left-width:0px;margin-top:0"><summary>Wie lange ist das Konzert?</summary>
<p>Unser Konzert hat eine Gesamtdauer von etwa 2,5 Stunden. Nach den ersten anderthalb Stunden wird eine 20-minütige Pause eingelegt.</p>
</details>



<details class="wp-block-details is-style-arrow-icon-details has-medium-font-size is-layout-flow wp-block-details-is-layout-flow" style="border-top-style:none;border-top-width:0px;border-right-style:none;border-right-width:0px;border-bottom-color:var(--wp--preset--color--base);border-bottom-style:solid;border-bottom-width:1px;border-left-style:none;border-left-width:0px;margin-top:0"><summary>Welche potenziellen Inhaltswarnungen könnte &#8222;Im Schatten des Doms&#8220; berühren?</summary>
<p class="has-medium-font-size">Uns sind <strong>keine konkreten Inhaltswarnungen</strong> zu <em>Im Schatten des Doms</em> bekannt. Dennoch ist die Wahrnehmung möglicher sensibler Inhalte immer <strong>individuell unterschiedlich</strong>. Was für manche Besucher:innen unproblematisch ist, kann bei anderen emotional stärker wirken. </p>
</details>



<details class="wp-block-details is-style-arrow-icon-details has-medium-font-size is-layout-flow wp-block-details-is-layout-flow" style="border-top-style:none;border-top-width:0px;border-right-style:none;border-right-width:0px;border-bottom-color:var(--wp--preset--color--base);border-bottom-style:solid;border-bottom-width:1px;border-left-style:none;border-left-width:0px;margin-top:0"><summary>Für welche Altersklassen ist das Konzert?</summary>
<p>Das Musical ist für alle Altersklassen geeignet!</p>
</details>



<details class="wp-block-details is-style-arrow-icon-details has-medium-font-size is-layout-flow wp-block-details-is-layout-flow" style="border-top-style:none;border-top-width:0px;border-right-style:none;border-right-width:0px;border-bottom-color:var(--wp--preset--color--base);border-bottom-style:solid;border-bottom-width:1px;border-left-style:none;border-left-width:0px;margin-top:0"><summary>Kann ich mein Ticket über den Kulturpass bezahlen?</summary>
<p>Nein, eine Kooperation über den Kulturpass bieten wir nicht an. </p>
</details>



<details class="wp-block-details is-style-arrow-icon-details has-medium-font-size is-layout-flow wp-block-details-is-layout-flow" style="border-top-style:none;border-top-width:0px;border-right-style:none;border-right-width:0px;border-bottom-color:var(--wp--preset--color--base);border-bottom-style:solid;border-bottom-width:1px;border-left-style:none;border-left-width:0px;margin-top:0"><summary>Wer bekommt eine Ermäßigung?</summary>
<p>Ermäßigte Tickets sind für folgende Personengruppen erhältlich:</p>



<ul class="wp-block-list">
<li>Schüler:innen</li>



<li>Studierende</li>



<li>Auszubildende</li>



<li>Inhaber:innen des AachenPasses</li>



<li>Schwerbehinderte</li>



<li>Begleitperson Schwerbehinderte</li>



<li>Inhaber:innen des Ehrenamtspasses</li>
</ul>
</details>



<details class="wp-block-details is-style-arrow-icon-details has-medium-font-size is-layout-flow wp-block-details-is-layout-flow" style="border-top-style:none;border-top-width:0px;border-right-style:none;border-right-width:0px;border-bottom-color:var(--wp--preset--color--base);border-bottom-style:solid;border-bottom-width:1px;border-left-style:none;border-left-width:0px;margin-top:0"><summary>Gibt es Plätze für mobilitätseingeschränkte Personen?</summary>
<p>Ja, das Hauptgebäude ist barrierefrei zugänglich, und bei jeder Aufführung stehen Plätze für mobilitätseingeschränkte Personen zur Verfügung. Wir würden uns freuen wenn Sie, bei Bedarf, sich bei <a href="mailto:tickets@floodlight-musicals.de">tickets@floodlight-musicals.de</a> melden vor oder nach der Bestellung, wenn Sie ein solchen Sitzplatz in Anspruch nehmen wollen. Diese Information hilft uns sehr bei dem Aufbau.</p>
</details>



<details class="wp-block-details is-style-arrow-icon-details has-medium-font-size is-layout-flow wp-block-details-is-layout-flow" style="border-top-style:none;border-top-width:0px;border-right-style:none;border-right-width:0px;border-bottom-color:var(--wp--preset--color--base);border-bottom-style:solid;border-bottom-width:1px;border-left-style:none;border-left-width:0px;margin-top:0"><summary>Kann ich meine gekauften Tickets umtauschen oder stornieren?</summary>
<p>Bedauerlicherweise ist ein Umtausch oder eine Stornierung der erworbenen Tickets nicht möglich. Da die Tickets jedoch nicht personalisiert sind, eignen sie sich hervorragend als Geschenk für Freunde und Familie. Sollten Sie selbst nicht in der Lage sein, Ihre Tickets für die Aufführung zu nutzen, finden Sie sicherlich andere Musikbegeisterte, die sich über die Gelegenheit freuen würden.</p>
</details>



<details class="wp-block-details is-style-arrow-icon-details has-medium-font-size is-layout-flow wp-block-details-is-layout-flow" style="border-top-style:none;border-top-width:0px;border-right-style:none;border-right-width:0px;border-bottom-color:var(--wp--preset--color--base);border-bottom-style:solid;border-bottom-width:1px;border-left-style:none;border-left-width:0px;margin-top:0"><summary>Werden feste Plätze zugewiesen?</summary>
<p>Nein, es sind keine festen Plätze verfügbar. Stattdessen werden bei der Aufführung spezifische Reihen für die jeweiligen Sitzplatzkategorien zugewiesen. Wir behalten uns vor, die Sitzplätze ggf. am Veranstaltungstag innerhalb der entsprechenden Kategorie zuzuweisen.</p>
</details>



<details class="wp-block-details is-style-arrow-icon-details has-medium-font-size is-layout-flow wp-block-details-is-layout-flow" style="border-top-style:none;border-top-width:0px;border-right-style:none;border-right-width:0px;border-bottom-color:var(--wp--preset--color--base);border-bottom-style:solid;border-bottom-width:1px;border-left-style:none;border-left-width:0px;margin-top:0"><summary>An wen kann ich mich bei weiteren Fragen wenden?</summary>
<p>Alle weiteren Fragen können gerne per E-Mail an <a href="mailto:tickets@floodlight-musicals.de">tickets@floodlight-musicals.de</a> geschickt werden. Wir bemühen uns zeitnah Ihnen Auskunft zu geben.</p>
</details>
</div>
</div>



<div style="height:76px" aria-hidden="true" class="wp-block-spacer"></div>
